*2 + 4*i. Let r be o(-7). Calculate the greatest common divisor of 36 and r.
4
Let o(u) = -u**3 + 20*u**2 + 28*u - 48. Let l be o(21). Let q be 2/(-10) + (-92)/(-10). What is the greatest common divisor of l and q?
9
Let g = -10 - -19. Let n(s) = -17*s - 8. Let y be n(6). Let j = -47 - y. What is the greatest common divisor of j and g?
9
Suppose 0 = 3*t - 5*b - 985, b = -0 + 1. What is the greatest common factor of t and 30?
30
Let f = -20 + 24. Calculate the highest common factor of 48 and f.
4
Let a be (-50)/(-4) - ((-135)/(-6))/(-15). Let y = 42 - 14. Calculate the highest common divisor of y and a.
14
Suppose -r + 2*l = -30, -5*r = 4*l - 305 + 113. Calculate the greatest common divisor of 54 and r.
18
Let t be (12 + -1)*(-22)/(-2). Suppose -t = -2*j + 39. Suppose j = -4*f + 320. Calculate the highest common factor of 24 and f.
12
Suppose 0 = 2*p + 5 + 3, -5*q + 4*p + 296 = 0. Let c = 12 - 10. Let u be (6 - -1)/(2/c). Calculate the greatest common factor of q and u.
7
Suppose 0 = 3*q + 64 - 10. Let c = -13 - q. What is the greatest common factor of c and 2?
1
Let c(l) = -3*l**3. Let i be c(-1). Suppose 0 = i*a + 5*r - 22, 0*a - 4*r = -5*a + 49. What is the greatest common factor of a and 45?
9
Let y be (-6)/((-1)/2*-2). Let c be (y/(-9))/((-2)/(-45)). Calculate the highest common divisor of c and 15.
15
Suppose -5*m - 1 = -2*r, 7*r - 6*r = 3*m. Calculate the highest common factor of 4 and r.
1
Let n = -97 - -177. What is the highest common divisor of n and 10?
10
Suppose 0 = -2*j + 5 + 11. Suppose 0 = -8*u + 4*u + j. Suppose -304 = -3*r + 4*n, -83 - 21 = -r + u*n. What is the highest common divisor of r and 12?
12
Suppose 69 = 182*g - 179*g. What is the greatest common factor of g and 69?
23
Let q be ((-15)/(-9) + -2)*-9. Suppose 11 - 53 = -q*r. Suppose 4*p = -l + 447, 227 = 3*p - p - 3*l. What is the greatest common divisor of p and r?
14
Let z(t) = 5*t**3 + t**2 + 2*t - 3. Let d be z(2). What is the highest common divisor of d and 30?
15
Let k(l) = 14*l - 2. Let i = -17 + 12. Let n = 12 + i. Let t be k(n). Calculate the highest common factor of t and 12.
12
Let g be 4*((6 - 3) + 0). Let w = -26 + 62. What is the highest common factor of w and g?
12
Suppose -2*x + 100 = 2*x. What is the greatest common factor of x and 100?
25
Let o(d) = d**2 - 6*d - 12. Let l be o(9). Let w = l + -14. Calculate the highest common factor of 8 and w.
1
Let c be 10*25/20 + (-2)/4. What is the highest common factor of c and 60?
12
Let a = 44 + -35. What is the highest common factor of 12 and a?
3
Suppose i + 3*i - 280 = 0. Suppose 50 = x + 3*k, -x - k + 2*k + i = 0. Calculate the highest common divisor of x and 13.
13
Let k = -1 - 5. Let a(q) = q**2 - 2*q - 3. Let u be a(5). Let r = u + k. Calculate the highest common factor of r and 4.
2
Let f be (-2)/(-8) - (-790)/8. Suppose m + 12 = 5*m, 2*m = 5*l - f. What is the highest common divisor of 63 and l?
21
Suppose 3*n - 5*c = 60, n + 3*c + 16 = 2*n. Let b = 8 + -3. Calculate the greatest common factor of b and n.
5
Suppose 2*f = -5*i + 43, 12 = 3*f - 3*i - 0*i. Let k(p) = 7*p**3 + p**2 + p + 1. Let m be k(-1). Let d = m + f. What is the greatest common divisor of 3 and d?
3
Let y(n) = n**3 - 15*n**2 + n - 6. Let r be y(15). What is the greatest common divisor of r and 63?
9
Suppose -74 = -2*y - 4*v, v - 3*v + 10 = 0. Calculate the greatest common divisor of 189 and y.
27
Suppose -5*y = -2*q + 34, -2*y = -5*q + 107 + 20. Let d(s) = s**2 + 10*s - 15. Let r be d(-12). Calculate the greatest common divisor of q and r.
9
Let n(t) = -t - 1. Let b be n(-1). Suppose 2*z - 5*z - 5*a = -21, b = z - a + 1. Suppose -21 - 11 = -z*w. Calculate the greatest common factor of w and 80.
16
Let t be 4 + -2 + 2 + 1. Let o be (-9)/(-6)*(4 + -2). Let b = o + 2. What is the greatest common divisor of b and t?
5
Suppose 336 = 4*k + 3*k. What is the highest common factor of 240 and k?
48
Let l(j) = 16*j**2 - j - 6. Let r be l(-2). Calculate the highest common divisor of 36 and r.
12
Let y be (-1)/2 + 1324/8. Let u = 167 - 95. Suppose -10 = -4*q - r + 51, 0 = -5*q + 3*r + u. What is the greatest common factor of q and y?
15
Let w = 19 - 8. Suppose 3*c = -c - 8696. Let z be (-8)/(-44) - c/22. Calculate the greatest common divisor of w and z.
11
Let p be (-2)/(3/(1101/(-2))). Let k = -246 + p. Suppose 5*g = -4*z + k, 0*g + g + 91 = 4*z. What is the greatest common factor of 36 and z?
12
Let l be (63/27)/(2/96). What is the greatest common factor of l and 14?
14
Let g be 10 - (1 + 2/(-2)). What is the greatest common divisor of 2 and g?
2
Let n = -28 + 119. Suppose -5*l + 32 + 33 = 0. What is the highest common factor of n and l?
13
Let m(t) = t**2 + 7*t + 22. Let r be m(-17). What is the greatest common factor of 12 and r?
12
Let p(m) = -m**3 + 5*m**2 - m - 3. Let u be p(5). Let g = u + 11. What is the highest common factor of g and 9?
3
Let n = 299 + -134. Calculate the greatest common divisor of n and 15.
15
Let i = -65 - -103. Suppose 8 = 3*x - 10. Suppose -2*t + x*d = d - 34, -4*t + i = 5*d. Calculate the highest common divisor of t and 84.
12
Let o(i) = 28*i. Let v be o(1). Suppose 0 = m - 5 + v. Let c = -2 - m. Calculate the greatest common factor of 63 and c.
21
Let b = 17 - 0. What is the greatest common divisor of 17 and b?
17
Suppose 11*v + 252 = 15*v. Calculate the highest common factor of 9 and v.
9
Let b(k) = k**3 + 7*k**2 + 2*k + 2. Let j be b(-6). Let z be 26*((0 - -2) + -1). What is the highest common divisor of j and z?
26
Suppose 6*w - 2*w = 1212. Let p = 439 - w. What is the greatest common divisor of p and 17?
17
Suppose 18*a = 14*a + 112. Calculate the greatest common factor of 112 and a.
28
Let l = 386 + -270. What is the greatest common divisor of l and 29?
29
Let l(w) = w**2 - 3*w - 1. Let f(o) = -4*o**2 + 8*o + 4. Let g(z) = -2*f(z) - 7*l(z). Let b be g(-7). What is the highest common factor of b and 104?
13
Let w be 2 + (1 - 0 - -42). Suppose -3*x = 2*t - 2*x - 14, -4*t = 5*x - 40. Let f = w - t. What is the highest common divisor of 5 and f?
5
Suppose 4*w + 4*o - 13 + 1 = 0, 2*w - 5*o = -1. Let q(d) = 5*d**2 + d - 2. Let z be q(w). Calculate the greatest common factor of z and 60.
20
Suppose -2 = y, 4*h - 26 = -0*h - 3*y. Let p(a) = a + 9. Let u be p(-5). Calculate the highest common divisor of h and u.
4
Let y = 8 + -6. Suppose -y*x - 153 - 8 = -3*w, 0 = 2*w + 2*x - 124. Calculate the greatest common factor of 19 and w.
19
Suppose 3*u - 2*p = 168, 0 = -2*u + 4*p - 3*p + 111. Calculate the greatest common divisor of 27 and u.
27
Let y = 18 - 14. Suppose -y*o + 5*q - 2 = 0, -q - 2*q = -6. Suppose 0 = 2*g - a - 13, g + 3*a - 4*a = 9. What is the greatest common divisor of o and g?
2
Suppose 66 = -6*t + 7*t. What is the highest common divisor of 6 and t?
6
Let w(s) = s. Let g be w(3). Suppose -9 = g*t - 27. Suppose -3*v + 57 = -t. What is the greatest common divisor of 3 and v?
3
Suppose 3*a = -2*f - 10 - 1, 4*a = -3*f - 18. Let o = -7 - f. Suppose 2*g - 14 - 7 = -3*z, 0 = 2*g - o*z - 51. Calculate the highest common factor of 2 and g.
2
Let b(x) = -x + 6. Let c be b(0). Let m(y) = y + 9. Let q(p) = -p - 1. Let d(g) = m(g) + 2*q(g). Let w be d(-5). Calculate the highest common factor of w and c.
6
Let k = -8 + 17. Calculate the greatest common factor of k and 9.
9
Let d(l) = l**2 + 70. Suppose -3*h - 10 = -5*a, -3*h - a - 4*a + 10 = 0. Let u be d(h). Let g = 20 - 10. Calculate the greatest common factor of g and u.
10
Suppose h - 2*h = 2*y - 2, y - 4*h - 10 = 0. Suppose -7*a + s = -y*a - 88, 0 = 2*a - 2*s - 32. What is the highest common factor of 9 and a?
9
Suppose 3*n - 1 = 4*w, 2*n - 4 = 2. Suppose 5*u - 4 = -w*d + 2, 3*d - 3*u = 9. What is the greatest common factor of d and 3?
3
Suppose -3*i = 4*v - 64, -3*i + 7*i - 52 = 3*v. Calculate the greatest common factor of 16 and i.
16
Let d = 11 + -7. Suppose -2*y - 3*p + 7 = -y, -73 = -3*y + d*p. What is the greatest common divisor of 19 and y?
19
Suppose -1 = -c + 2*q - 0, 12 = 4*q. What is the greatest common factor of 49 and c?
7
Suppose 5*n - 43 = 27. Suppose -3*o = -0*y - y - 16, 0 = -3*o - y + n. Suppose 3*m + m - 40 = 0. What is the greatest common factor of m and o?
5
Let q = 21 + -16. Let a = 4 + q. Calculate the highest common factor of a and 36.
9
Le